digit of j?
1
Suppose -3*r = 2*x - 147 - 3967, -5*x + 10285 = 5*r. Let n = -1061 + x. What is the units digit of n?
6
Suppose -14*v + 12*v - 4*z - 92 = 0, 4*v + 144 = 2*z. What is the hundreds digit of (-47 + 3 + -8)*v?
9
Let x(b) = -2*b**2 + 3*b. Let l be x(2). Let t(i) be the third derivative of -19*i**4/24 + i**3/2 - i**2 + 17*i. What is the units digit of t(l)?
1
Suppose 1 = 5*w + 5*f + 11, -4*f - 12 = 5*w. Let u be (-6 + 0)/2 - 1*2. What is the tens digit of u - w - (-211)/1?
1
Suppose -252*m - 72542 = -125*m - 146*m. What is the hundreds digit of m?
8
Let i(v) = 150*v - 3907. What is the units digit of i(49)?
3
Suppose -126 = 4*z - 22. What is the tens digit of (0 + 1)/(z/(-17862))?
8
Let b(t) = -3*t**2 - 10 + 2*t**2 + 4*t**2 + t**2 + 2*t. Let c = 2 - -2. What is the units digit of b(c)?
2
Let u(z) be the first derivative of 7/3*z**3 + 5 - 1/2*z**2 - 5*z - 1/4*z**4. What is the units digit of u(6)?
5
Suppose 0 = -2*b - 2*y + 36444, 4*b - 23*y + 28*y - 72887 = 0. What is the thousands digit of b?
8
Suppose 12*y + 16251 - 81974 - 33697 = 0. What is the thousands digit of y?
8
What is the hundreds digit of (155/(-124))/((-5)/8264)?
0
Let t(u) = 105*u**2 + 35*u + 120. What is the thousands digit of t(-8)?
6
Suppose 23*u + 135095 = 547186. What is the tens digit of u?
1
Let g be ((-70)/(-15))/7*(-3 + 6). Suppose 3*h - 50 = -5*p, 5*h - 6*h + 2 = -g*p. Suppose h*y + 664 = 14*y. What is the units digit of y?
6
Let g = -479 - -1914. What is the tens digit of g?
3
Let j(z) = -z**2 + 8*z - 9. Let q be j(6). Suppose -9*f - q*s + 33 = -4*f, 10 = f + 4*s. What is the units digit of ((2 + -11)/(-3))/(f/262)?
1
Let k = 106 - 95. Suppose 51 = k*h - 4. Suppose 2*o - 228 = -2*b, 272 + 68 = 3*b + h*o. What is the hundreds digit of b?
1
Let i = 10 + -218. Suppose 0 = -5*o - 5*l - 1750, 0 = -3*l + 3 + 9. Let q = i - o. What is the units digit of q?
6
Let a(s) = s**2 + 29*s + 5. Let g be a(-29). Suppose -g*t = 4*x + 216 - 655, 415 = 4*x - 3*t. What is the units digit of x?
6
Suppose 3*a = 2*g + 23, -5*g - 1 = 3*a - g. Let t be 5/(a/(-1))*10. Let i = 30 - t. What is the units digit of i?
0
Let i(x) = 16*x**2 + 2*x + 31. Let c be i(-5). Suppose -j - c = -133. Let m = 433 + j. What is the hundreds digit of m?
1
Suppose 3*f - 12 = -2*p, -8 = -2*f + 5*p - 0*p. What is the hundreds digit of 5/4 + 559/f?
1
Let r(v) be the second derivative of v**3/3 - 12*v**2 - 23*v. Let n be r(8). What is the units digit of 1*(2 + 7)*n/(-12)?
6
Let m be -5 - 0 - -4 - -25. Let a = m - 48. What is the units digit of (12/36)/(2/a) + 6?
2
Suppose -2*h - 5 = x, 18*h - 17*h = 0. Let v(g) = -146*g + 25. What is the tens digit of v(x)?
5
Let f(l) = -l. Let z be f(-8). Suppose 21 = -5*k + z*k. Let a(p) = 5*p**2 + p - 6. What is the units digit of a(k)?
6
Suppose -204*p - 581980 = -224*p. What is the hundreds digit of p?
0
Let r(n) = -1143*n**3 + 2*n**2 + 4*n + 2. Let p be r(-1). Suppose -u + p - 1 = 0. What is the units digit of u?
2
Suppose -115*s - 3*s - 47958 + 267320 = 0. What is the thousands digit of s?
1
Let s = -39 - -42. Suppose 0 = -2*n + a + s, 0*n + 3*n - 5*a = -6. Suppose -9*t + n*t = -234. What is the units digit of t?
9
Let t be 308/(-33)*(-1 - 878). Suppose -t - 11176 = -20*d. What is the hundreds digit of d?
9
Let t(c) = -14*c**3 - 15*c**2 + 7*c + 259. What is the units digit of t(-10)?
9
Let k(x) = x**3 - 2*x + 129. Suppose -2*v - 225 = 3*v. Let s = v + 45. What is the units digit of k(s)?
9
Suppose -18956 = -204*h + 211*h. What is the hundreds digit of (h/1)/(-2 - (-3 - -3))?
3
Suppose -6*v + 2*v = -2804. Suppose -4*p - v = 115. Let t = p + 467. What is the hundreds digit of t?
2
Let c(h) = -323*h - 1276. What is the tens digit of c(-47)?
0
Let p(l) = -322*l - 2413. What is the tens digit of p(-17)?
6
Let p be 21593/5 + (-8)/240*-12. What is the units digit of 1/(7/p + 0)?
7
What is the thousands digit of (80388 + 208)/(2*2)?
0
Suppose -2*j + 220 = 3*j. Suppose 48*a - 144 = j*a. Suppose -39*t = -a*t - 546. What is the units digit of t?
2
Let i = 62926 - 36318. What is the ten thousands digit of i?
2
Let o be (-5 + 2)*-20*3. Suppose -11*a + o = -16*a. What is the units digit of (0 + -1)*1*a?
6
Let s = 118 + -237. Let m = s - -117. What is the tens digit of ((-1216)/(-12) + m)/(4/6)?
4
Suppose 18*h - 15*h - 20883 = -l, -5*l + 13935 = 2*h. What is the thousands digit of h?
6
Suppose -4090695 + 489896 = -208*z + 1065473. What is the units digit of z?
4
Let y(z) = -2*z - 22. Suppose -5*g = -120 + 45. Let o be y(g). Let j = 80 + o. What is the tens digit of j?
2
Suppose 2 = 3*h - 2*l, h - 4*l - 6 = -2. Suppose h*c = 6*c - 222. Suppose 4*a - 165 = t, 0 = -a - 5*t + t + c. What is the tens digit of a?
4
Let n(x) = 68*x - 32. Let s be n(8). Let m = 770 - s. What is the units digit of m?
8
Suppose 24*x - 3*t - 25122 = 21*x, 3*x + t - 25102 = 0. What is the thousands digit of x?
8
Let j = 40 + -36. Let q(c) = 15*c**2 + c - 9. Let k be q(j). Suppose 0 = 4*y + 19 - k. What is the units digit of y?
4
Suppose 0 = -0*o - o - 127. Let d be 26*(-3 + 84/8). Let l = d + o. What is the tens digit of l?
6
Let x be ((-796)/(-11))/2 - 2/11. Suppose -2*a - x = -80. Suppose -a = -z - 4*y, 0*z = 2*z - 2*y - 34. What is the tens digit of z?
1
Let u = 58 + -58. Suppose -5*v + 278 = 3*t, 4*t + 6*v - 4*v - 380 = u. Suppose -t = -2*c + 92. What is the tens digit of c?
9
Suppose -45*h + 44*h = -333. Suppose -c + h = r, -r = -4*r + 3*c + 1017. What is the hundreds digit of r?
3
Suppose -2*h - 8*x + 8088 = 0, -4*x + 3789 = -5*h + 24033. What is the thousands digit of h?
4
Let m = 7 - -356. Suppose 3*x - 1422 = m. What is the hundreds digit of x?
5
Suppose 3*m - 8869 - 8031 = m. What is the hundreds digit of m?
4
Let r(y) = -813*y - 1136. What is the tens digit of r(-5)?
2
Let w = -1237 + -910. Let x = -1523 - w. What is the tens digit of x?
2
Let t(s) = -7*s + 0*s**3 - 1 - 7*s**2 + 26*s + s**3. Suppose 15*o + 1129 = 1219. What is the tens digit of t(o)?
7
Suppose 5*q - 8 - 12 = 0, -4*i = -2*q - 8376. Let t = i - 488. What is the tens digit of t?
0
Let q(i) = 1312*i**3 - i**2 + 12*i - 16. What is the tens digit of q(2)?
0
Let q(d) be the second derivative of -d**5/15 - d**4/2 + 13*d**3/6 - 15*d. Let x(w) be the second derivative of q(w). What is the tens digit of x(-8)?
5
Let m = 12505 - -13033. What is the hundreds digit of m?
5
Suppose -3*a - 15 = 4*s - 346, -82 = -s - a. Let b = s + 248. What is the tens digit of b?
3
What is the hundreds digit of 14/(364/53989)*2?
1
Let s = -48 + 51. Suppose j - 3 = 2*i - 0, 4*i - j + s = 0. Suppose -o + 90 = 3*g, -o - 2*g - 10 + 99 = i. What is the tens digit of o?
8
Let y be -2 + 23/3 - 15/9. Suppose 2*z - 220 = -5*q - 27, 0 = -y*z - 4*q + 416. What is the tens digit of z?
0
Let d(y) = -y**3 + 13*y**2 + 3*y + 136. What is the hundreds digit of d(9)?
4
Let l be ((-244)/(-5))/(6 - (-203)/(-35)). Suppose -u - 3*p = -l, 12*u - p - 732 = 9*u. What is the hundreds digit of u?
2
Suppose 312 + 169 = q. Let p = q + -254. What is the tens digit of p?
2
Let c(n) = 3*n**2 - 5*n + 53. Let k be 3*(50/(-45) - -2)*3. What is the tens digit of c(k)?
0
Suppose -812*m - 6478 = -816*m + 2*h, 0 = -m + 2*h + 1621. What is the units digit of m?
9
Let y(a) = -a**3 - 15*a**2 - 66*a + 1016. What is the units digit of y(-36)?
8
Let u be (1 - 370/(-2))*(-6)/12. Let b = 20 - 236. Let t = u - b. What is the units digit of t?
3
Suppose -8*m + 169698 = 39282. What is the hundreds digit of m?
3
Let o(l) be the second derivative of 5*l**4/12 + 3*l**3/2 - 28*l**2 + 26*l + 2. What is the units digit of o(-8)?
2
Suppose -2*k - 2 = -3*o - 2*o, 0 = -4*k - o + 18. Suppose 6*x + 11 = k*v + 5*x, 4*v - 2*x - 6 = 0. Let i(r) = -r**2 + 4*r + 2. What is the units digit of i(v)?
2
Suppose -29*l + 46 = -6*l. What is the tens digit of l/(-1)*402/(-1 - 5)?
3
Let s = -1 - -4. Suppose 0 = 2*g + g - s*z + 30, g + 4*z + 25 = 0. Let j(p) = -5*p - 31. What is the units digit of j(g)?
4
Let f(m) = -2*m - 28. Let p(a) = a + 14. Let l(n) = -4*f(n) - 10*p(n). Let d(y) = -y. Let x(w) = 6*d(w) - l(w). What is the tens digit of x(-13)?
8
Suppose 29*x - 24 = 21*x. Suppose w + x - 102 = 0. What is the tens digit of w?
9
Let u = 23 - -8. Suppose -4*f = 3*q - 118, 5*f - 118 - 26 = -2*q. Let g = u - f. What is the units digit of g